{"id":55,"date":"2015-02-07T09:21:14","date_gmt":"2015-02-07T09:21:14","guid":{"rendered":"https:\/\/serveur.ufai.org\/wordpress\/?page_id=55"},"modified":"2021-05-17T12:17:20","modified_gmt":"2021-05-17T11:17:20","slug":"55-2","status":"publish","type":"page","link":"https:\/\/www.ufai.org\/?page_id=55","title":{"rendered":"Le bureau directeur"},"content":{"rendered":"<p>Le bureau directeur est l&rsquo;instance de proposition et d&rsquo;ex\u00e9cution de l&rsquo;Union. Il dispose de tous les pouvoirs pour la gestion courante de l&rsquo;UFAI.<br \/>\nIl est compos\u00e9 d&rsquo;un pr\u00e9sident, d&rsquo;un secr\u00e9taire g\u00e9n\u00e9ral, d&rsquo;un tr\u00e9sorier et de quatre vice-pr\u00e9sidents repr\u00e9sentant l&rsquo;Europe, l&rsquo;Am\u00e9rique du Nord, l&rsquo;Afrique et le Moyen-Orient.<br \/>\nLe si\u00e8ge social de l&rsquo;UFAI est situ\u00e9 \u00e0 Paris, 8\u00e8me arrondissement, 98 bis boulevard Haussmann.<\/p>\n<table style=\"border-color: #a3a2a2;\" border=\"1\">\n<tbody>\n<tr>\n<td>Pr\u00e9sident<\/td>\n<td>Fadi Abou-Abdallah<\/td>\n<td>Liban<\/td>\n<\/tr>\n<tr>\n<td>Secr\u00e9taire G\u00e9n\u00e9ral<\/td>\n<td>Philippe Mocquard<\/td>\n<td>France<\/td>\n<\/tr>\n<tr>\n<td>Vice-Pr\u00e9sident Europe<\/td>\n<td>Beno\u00eet Laloux<\/td>\n<td>Belgique<\/td>\n<\/tr>\n<tr>\n<td>Vice-Pr\u00e9sident Afrique subsaharienne<\/td>\n<td>Kadiatou Konate<\/td>\n<td>Mali<\/td>\n<\/tr>\n<tr>\n<td>Vice-Pr\u00e9sident Afrique du Nord et Moyen-Orient<\/td>\n<td>Sanaa Chquiry<\/td>\n<td>Maroc<\/td>\n<\/tr>\n<tr>\n<td>Vice-Pr\u00e9sident Am\u00e9rique du Nord et Cara\u00efbes<\/td>\n<td>Gally Amazan<\/td>\n<td>Haiti<\/td>\n<\/tr>\n<tr>\n<td>Tr\u00e9sorier<\/td>\n<td>Emrie Mondos<\/td>\n<td>Gabon<\/td>\n<\/tr>\n<tr>\n<td>Ancien Pr\u00e9sident<\/td>\n<td>Mireille Harnois<\/td>\n<td>Canada<\/td>\n<\/tr>\n<\/tbody>\n<\/table>\n<p>&nbsp;<\/p>\n","protected":false},"excerpt":{"rendered":"<p>Le bureau directeur est l&rsquo;instance de proposition et d&rsquo;ex\u00e9cution de l&rsquo;Union. Il dispose de tous les pouvoirs pour la gestion courante de l&rsquo;UFAI. Il est compos\u00e9 d&rsquo;un pr\u00e9sident, d&rsquo;un secr\u00e9taire g\u00e9n\u00e9ral, d&rsquo;un tr\u00e9sorier et de quatre vice-pr\u00e9sidents repr\u00e9sentant l&rsquo;Europe, l&rsquo;Am\u00e9rique du Nord, l&rsquo;Afrique et le Moyen-Orient. Le si\u00e8ge social de l&rsquo;UFAI est situ\u00e9 \u00e0 Paris, [&hellip;]<\/p>\n","protected":false},"author":1,"featured_media":0,"parent":0,"menu_order":0,"comment_status":"closed","ping_status":"open","template":"","meta":{"footnotes":""},"class_list":["post-55","page","type-page","status-publish","hentry","post"],"_links":{"self":[{"href":"https:\/\/www.ufai.org\/index.php?rest_route=\/wp\/v2\/pages\/55","targetHints":{"allow":["GET"]}}],"collection":[{"href":"https:\/\/www.ufai.org\/index.php?rest_route=\/wp\/v2\/pages"}],"about":[{"href":"https:\/\/www.ufai.org\/index.php?rest_route=\/wp\/v2\/types\/page"}],"author":[{"embeddable":true,"href":"https:\/\/www.ufai.org\/index.php?rest_route=\/wp\/v2\/users\/1"}],"replies":[{"embeddable":true,"href":"https:\/\/www.ufai.org\/index.php?rest_route=%2Fwp%2Fv2%2Fcomments&post=55"}],"version-history":[{"count":10,"href":"https:\/\/www.ufai.org\/index.php?rest_route=\/wp\/v2\/pages\/55\/revisions"}],"predecessor-version":[{"id":541,"href":"https:\/\/www.ufai.org\/index.php?rest_route=\/wp\/v2\/pages\/55\/revisions\/541"}],"wp:attachment":[{"href":"https:\/\/www.ufai.org\/index.php?rest_route=%2Fwp%2Fv2%2Fmedia&parent=55"}],"curies":[{"name":"wp","href":"https:\/\/api.w.org\/{rel}","templated":true}]}}

<p>Le bureau directeur est l&rsquo;instance de proposition et d&rsquo;exécution de l&rsquo;Union. Il dispose de tous les pouvoirs pour la gestion courante de l&rsquo;UFAI.<br />
Il est composé d&rsquo;un président, d&rsquo;un secrétaire général, d&rsquo;un trésorier et de quatre vice-présidents représentant l&rsquo;Europe, l&rsquo;Amérique du Nord, l&rsquo;Afrique et le Moyen-Orient.<br />
Le siège social de l&rsquo;UFAI est situé à Paris, 8ème arrondissement, 98 bis boulevard Haussmann.</p>
<table style="border-color: #a3a2a2;" border="1">
<tbody>
<tr>
<td>Président</td>
<td>Fadi Abou-Abdallah</td>
<td>Liban</td>
</tr>
<tr>
<td>Secrétaire Général</td>
<td>Philippe Mocquard</td>
<td>France</td>
</tr>
<tr>
<td>Vice-Président Europe</td>
<td>Benoît Laloux</td>
<td>Belgique</td>
</tr>
<tr>
<td>Vice-Président Afrique subsaharienne</td>
<td>Kadiatou Konate</td>
<td>Mali</td>
</tr>
<tr>
<td>Vice-Président Afrique du Nord et Moyen-Orient</td>
<td>Sanaa Chquiry</td>
<td>Maroc</td>
</tr>
<tr>
<td>Vice-Président Amérique du Nord et Caraïbes</td>
<td>Gally Amazan</td>
<td>Haiti</td>
</tr>
<tr>
<td>Trésorier</td>
<td>Emrie Mondos</td>
<td>Gabon</td>
</tr>
<tr>
<td>Ancien Président</td>
<td>Mireille Harnois</td>
<td>Canada</td>
</tr>
</tbody>
</table>
<p>&nbsp;</p>

<p>Le bureau directeur est l&rsquo;instance de proposition et d&rsquo;exécution de l&rsquo;Union. Il dispose de tous les pouvoirs pour la gestion courante de l&rsquo;UFAI. Il est composé d&rsquo;un président, d&rsquo;un secrétaire général, d&rsquo;un trésorier et de quatre vice-présidents représentant l&rsquo;Europe, l&rsquo;Amérique du Nord, l&rsquo;Afrique et le Moyen-Orient. Le siège social de l&rsquo;UFAI est situé à Paris, [&hellip;]</p>
