{"id":39,"date":"2015-02-07T09:09:53","date_gmt":"2015-02-07T09:09:53","guid":{"rendered":"https:\/\/serveur.ufai.org\/wordpress\/?page_id=39"},"modified":"2015-02-07T10:41:35","modified_gmt":"2015-02-07T10:41:35","slug":"normes-professionnelles","status":"publish","type":"page","link":"https:\/\/www.ufai.org\/?page_id=39","title":{"rendered":"Normes professionnelles"},"content":{"rendered":"<p>Vous trouverez en pi\u00e8ce jointe <a title=\"Normes Internationales\" href=\"http:\/\/www.ifaci.com\/dl.php?table=ani_fichiers&amp;nom_file=CRIPP-2013-3.pdf&amp;chemin=uploads\/_ifaci\">les nouvelles normes<\/a> applicables \u00e0 partir de janvier 2009.<\/p>\n<p><em>Les principales modifications sont identifi\u00e9es en gras dans le texte.<\/em><\/p>\n<p>&nbsp;<\/p>\n","protected":false},"excerpt":{"rendered":"<p>Vous trouverez en pi\u00e8ce jointe les nouvelles normes applicables \u00e0 partir de janvier 2009. Les principales modifications sont identifi\u00e9es en gras dans le texte. &nbsp;<\/p>\n","protected":false},"author":1,"featured_media":0,"parent":0,"menu_order":0,"comment_status":"closed","ping_status":"open","template":"","meta":{"footnotes":""},"class_list":["post-39","page","type-page","status-publish","hentry","post"],"_links":{"self":[{"href":"https:\/\/www.ufai.org\/index.php?rest_route=\/wp\/v2\/pages\/39","targetHints":{"allow":["GET"]}}],"collection":[{"href":"https:\/\/www.ufai.org\/index.php?rest_route=\/wp\/v2\/pages"}],"about":[{"href":"https:\/\/www.ufai.org\/index.php?rest_route=\/wp\/v2\/types\/page"}],"author":[{"embeddable":true,"href":"https:\/\/www.ufai.org\/index.php?rest_route=\/wp\/v2\/users\/1"}],"replies":[{"embeddable":true,"href":"https:\/\/www.ufai.org\/index.php?rest_route=%2Fwp%2Fv2%2Fcomments&post=39"}],"version-history":[{"count":1,"href":"https:\/\/www.ufai.org\/index.php?rest_route=\/wp\/v2\/pages\/39\/revisions"}],"predecessor-version":[{"id":41,"href":"https:\/\/www.ufai.org\/index.php?rest_route=\/wp\/v2\/pages\/39\/revisions\/41"}],"wp:attachment":[{"href":"https:\/\/www.ufai.org\/index.php?rest_route=%2Fwp%2Fv2%2Fmedia&parent=39"}],"curies":[{"name":"wp","href":"https:\/\/api.w.org\/{rel}","templated":true}]}}