{"id":30,"date":"2015-02-07T09:04:33","date_gmt":"2015-02-07T09:04:33","guid":{"rendered":"https:\/\/serveur.ufai.org\/wordpress\/?page_id=30"},"modified":"2015-02-07T10:40:46","modified_gmt":"2015-02-07T10:40:46","slug":"fonction-daudit-interne","status":"publish","type":"page","link":"https:\/\/www.ufai.org\/?page_id=30","title":{"rendered":"Fonction d&rsquo;audit interne"},"content":{"rendered":"<p>L&rsquo;audit interne est une activit\u00e9 de contr\u00f4le et de conseil qui permet d&rsquo;am\u00e9liorer le fonctionnement et la performance d&rsquo;une organisation : activit\u00e9 strat\u00e9gique, l&rsquo;audit interne est exerc\u00e9 \u00e0 l&rsquo;int\u00e9rieur de l&rsquo;organisation, m\u00eame si le recours \u00e0 des prestataires ext\u00e9rieurs est parfois n\u00e9cessaire ; activit\u00e9 ind\u00e9pendante, l&rsquo;audit interne est rattach\u00e9 \u00e0 la Direction g\u00e9n\u00e9rale et a une relation forte avec le Comit\u00e9 d&rsquo;audit.<\/p>\n<p>Centr\u00e9 sur les enjeux majeurs de l&rsquo;organisation, ses missions \u00ab\u00a0d&rsquo;expression d&rsquo;assurance\u00a0\u00bb portent sur l&rsquo;\u00e9valuation de l&rsquo;ensemble des processus, fonctions et op\u00e9rations de celle-ci et plus particuli\u00e8rement sur les processus de management des risques, de contr\u00f4le et de gouvernement d&rsquo;entreprise.<\/p>\n<p>Son r\u00f4le de conseil aupr\u00e8s de la Direction g\u00e9n\u00e9rale et des directions op\u00e9rationnelles et fonctionnelles, qui s&rsquo;exerce dans le cadre de normes particuli\u00e8rement exigeantes, contribue grandement \u00e0 cr\u00e9er de la valeur ajout\u00e9e.<\/p>\n","protected":false},"excerpt":{"rendered":"<p>L&rsquo;audit interne est une activit\u00e9 de contr\u00f4le et de conseil qui permet d&rsquo;am\u00e9liorer le fonctionnement et la performance d&rsquo;une organisation : activit\u00e9 strat\u00e9gique, l&rsquo;audit interne est exerc\u00e9 \u00e0 l&rsquo;int\u00e9rieur de l&rsquo;organisation, m\u00eame si le recours \u00e0 des prestataires ext\u00e9rieurs est parfois n\u00e9cessaire ; activit\u00e9 ind\u00e9pendante, l&rsquo;audit interne est rattach\u00e9 \u00e0 la Direction g\u00e9n\u00e9rale et a [&hellip;]<\/p>\n","protected":false},"author":1,"featured_media":0,"parent":0,"menu_order":0,"comment_status":"closed","ping_status":"open","template":"","meta":{"footnotes":""},"class_list":["post-30","page","type-page","status-publish","hentry","post"],"_links":{"self":[{"href":"https:\/\/www.ufai.org\/index.php?rest_route=\/wp\/v2\/pages\/30","targetHints":{"allow":["GET"]}}],"collection":[{"href":"https:\/\/www.ufai.org\/index.php?rest_route=\/wp\/v2\/pages"}],"about":[{"href":"https:\/\/www.ufai.org\/index.php?rest_route=\/wp\/v2\/types\/page"}],"author":[{"embeddable":true,"href":"https:\/\/www.ufai.org\/index.php?rest_route=\/wp\/v2\/users\/1"}],"replies":[{"embeddable":true,"href":"https:\/\/www.ufai.org\/index.php?rest_route=%2Fwp%2Fv2%2Fcomments&post=30"}],"version-history":[{"count":1,"href":"https:\/\/www.ufai.org\/index.php?rest_route=\/wp\/v2\/pages\/30\/revisions"}],"predecessor-version":[{"id":32,"href":"https:\/\/www.ufai.org\/index.php?rest_route=\/wp\/v2\/pages\/30\/revisions\/32"}],"wp:attachment":[{"href":"https:\/\/www.ufai.org\/index.php?rest_route=%2Fwp%2Fv2%2Fmedia&parent=30"}],"curies":[{"name":"wp","href":"https:\/\/api.w.org\/{rel}","templated":true}]}}